{"id":245,"date":"2024-07-25T12:46:55","date_gmt":"2024-07-25T10:46:55","guid":{"rendered":"https:\/\/luberonpokerclub.fr\/?page_id=245"},"modified":"2025-10-07T11:49:29","modified_gmt":"2025-10-07T09:49:29","slug":"lpt-2024-2025","status":"publish","type":"page","link":"https:\/\/luberonpokerclub.fr\/index.php\/lpt-2024-2025\/","title":{"rendered":"LPT 2024-2025"},"content":{"rendered":"\n<div style=\"height:150px\" aria-hidden=\"true\" class=\"wp-block-spacer\"><\/div>\n\n\n\n<h2 class=\"wp-block-heading has-text-align-center\">Classement LPT 2024-2025<\/h2>\n\n\n\n<h3 class=\"wp-block-heading has-text-align-center\">Qualification pour le CNIC<\/h3>\n\n\n\n<div style=\"height:116px\" aria-hidden=\"true\" class=\"wp-block-spacer\"><\/div>\n\n\n\n<figure class=\"wp-block-image size-full\"><img loading=\"lazy\" decoding=\"async\" width=\"1436\" height=\"1362\" src=\"http:\/\/luberonpokerclub.fr\/wp-content\/uploads\/2025\/10\/Screenshot-2025-10-07-at-11.47.15.png\" alt=\"\" class=\"wp-image-342\" srcset=\"https:\/\/luberonpokerclub.fr\/wp-content\/uploads\/2025\/10\/Screenshot-2025-10-07-at-11.47.15.png 1436w, https:\/\/luberonpokerclub.fr\/wp-content\/uploads\/2025\/10\/Screenshot-2025-10-07-at-11.47.15-300x285.png 300w\" sizes=\"auto, (max-width: 1436px) 100vw, 1436px\" \/><\/figure>\n\n\n\n<div style=\"height:150px\" aria-hidden=\"true\" class=\"wp-block-spacer\"><\/div>\n\n\n\n<p class=\"has-text-align-center\">\u00ab\u00a0La F\u00e9d\u00e9ration Fran\u00e7aise de Poker Associatif (FFPA) organise chaque ann\u00e9e une comp\u00e9tition nationale, le CFIPA. Deux modes de qualification sont disponibles pour tous les joueurs licenci\u00e9s dans un club adh\u00e9rent \u00e0 la FFPA : soit par vos r\u00e9sultats de l&rsquo;ann\u00e9e dans votre club, soit par un championnat qualificatif en ligne.<br>Toutes les informations sont disponibles sur le site de la FFPA : www.ffpoker.org\u00a0\u00bb.<\/p>\n","protected":false},"excerpt":{"rendered":"<p>Classement LPT 2024-2025 Qualification pour le CNIC \u00ab\u00a0La F\u00e9d\u00e9ration Fran\u00e7aise de Poker Associatif (FFPA) organise chaque ann\u00e9e une comp\u00e9tition nationale, le CFIPA. Deux modes de qualification sont disponibles pour tous les joueurs licenci\u00e9s dans un club adh\u00e9rent \u00e0 la FFPA : soit par vos r\u00e9sultats de l&rsquo;ann\u00e9e dans votre club, soit par un championnat qualificatif&hellip;&nbsp;<a href=\"https:\/\/luberonpokerclub.fr\/index.php\/lpt-2024-2025\/\" rel=\"bookmark\">Lire la suite &raquo;<span class=\"screen-reader-text\">LPT 2024-2025<\/span><\/a><\/p>\n","protected":false},"author":1,"featured_media":0,"parent":0,"menu_order":0,"comment_status":"closed","ping_status":"closed","template":"","meta":{"_uag_custom_page_level_css":"","neve_meta_sidebar":"","neve_meta_container":"","neve_meta_enable_content_width":"","neve_meta_content_width":0,"neve_meta_title_alignment":"","neve_meta_author_avatar":"","neve_post_elements_order":"","neve_meta_disable_header":"","neve_meta_disable_footer":"","neve_meta_disable_title":"","footnotes":""},"class_list":["post-245","page","type-page","status-publish","hentry"],"uagb_featured_image_src":{"full":false,"thumbnail":false,"medium":false,"medium_large":false,"large":false,"1536x1536":false,"2048x2048":false,"neve-blog":false},"uagb_author_info":{"display_name":"admin7875","author_link":"https:\/\/luberonpokerclub.fr\/index.php\/author\/admin7875\/"},"uagb_comment_info":0,"uagb_excerpt":"Classement LPT 2024-2025 Qualification pour le CNIC \u00ab\u00a0La F\u00e9d\u00e9ration Fran\u00e7aise de Poker Associatif (FFPA) organise chaque ann\u00e9e une comp\u00e9tition nationale, le CFIPA. Deux modes de qualification sont disponibles pour tous les joueurs licenci\u00e9s dans un club adh\u00e9rent \u00e0 la FFPA : soit par vos r\u00e9sultats de l&rsquo;ann\u00e9e dans votre club, soit par un championnat qualificatif&hellip;&nbsp;Lire\u2026","_links":{"self":[{"href":"https:\/\/luberonpokerclub.fr\/index.php\/wp-json\/wp\/v2\/pages\/245","targetHints":{"allow":["GET"]}}],"collection":[{"href":"https:\/\/luberonpokerclub.fr\/index.php\/wp-json\/wp\/v2\/pages"}],"about":[{"href":"https:\/\/luberonpokerclub.fr\/index.php\/wp-json\/wp\/v2\/types\/page"}],"author":[{"embeddable":true,"href":"https:\/\/luberonpokerclub.fr\/index.php\/wp-json\/wp\/v2\/users\/1"}],"replies":[{"embeddable":true,"href":"https:\/\/luberonpokerclub.fr\/index.php\/wp-json\/wp\/v2\/comments?post=245"}],"version-history":[{"count":4,"href":"https:\/\/luberonpokerclub.fr\/index.php\/wp-json\/wp\/v2\/pages\/245\/revisions"}],"predecessor-version":[{"id":343,"href":"https:\/\/luberonpokerclub.fr\/index.php\/wp-json\/wp\/v2\/pages\/245\/revisions\/343"}],"wp:attachment":[{"href":"https:\/\/luberonpokerclub.fr\/index.php\/wp-json\/wp\/v2\/media?parent=245"}],"curies":[{"name":"wp","href":"https:\/\/api.w.org\/{rel}","templated":true}]}}