{"id":39,"date":"2023-09-29T00:09:31","date_gmt":"2023-09-28T22:09:31","guid":{"rendered":"http:\/\/luberonpokerclub.fr\/?page_id=39"},"modified":"2024-07-25T16:01:31","modified_gmt":"2024-07-25T14:01:31","slug":"accueil","status":"publish","type":"page","link":"https:\/\/luberonpokerclub.fr\/","title":{"rendered":"Accueil"},"content":{"rendered":"\n<div class=\"wp-block-uagb-container uagb-block-b45b75eb alignfull uagb-is-root-container\"><div class=\"uagb-container-inner-blocks-wrap\">\n<div class=\"wp-block-uagb-container uagb-block-d0d86f56\">\n<div class=\"wp-block-uagb-info-box uagb-block-b0e88aa1 uagb-infobox__content-wrap  uagb-infobox-icon-above-title uagb-infobox-image-valign-top\"><div class=\"uagb-ifb-content\"><div class=\"uagb-ifb-title-wrap\"><h1 class=\"uagb-ifb-title\">Notre Histoire<\/h1><\/div><p class=\"uagb-ifb-desc\">Cr\u00e9e en 2023, l&rsquo;association Luberon Poker Club a pour motivation de r\u00e9unir les joueurs occasionnels<br>et r\u00e9guliers de Poker, de Gargas et de ses environs. <br>Ceci dans une ambiance conviviale, chaleureuse<br>et respectueuse des r\u00e8gles du Poker.<br>Les membres de l&rsquo;association se retrouvent tous les mercredis soirs \u00e0 19h00 ainsi qu&rsquo;une fois par<br>mois pour un tournoi (soit le samedi soir soit le dimanche matin).<br>Alors que vous soyez d\u00e9butant, exp\u00e9riment\u00e9 ou tout simplement passionn\u00e9 de poker, n&rsquo;h\u00e9sitez pas \u00e0<br>nous rejoindre.<\/p><\/div><\/div>\n\n\n\n<div class=\"wp-block-uagb-buttons uagb-buttons__outer-wrap uagb-btn__default-btn uagb-btn-tablet__default-btn uagb-btn-mobile__default-btn uagb-block-7ca96744\"><div class=\"uagb-buttons__wrap uagb-buttons-layout-wrap\">\n<div class=\"wp-block-uagb-buttons-child uagb-buttons__outer-wrap uagb-block-59e2e4c1 wp-block-button\"><div class=\"uagb-button__wrapper\"><a class=\"uagb-buttons-repeater wp-block-button__link\" href=\"https:\/\/luberonpokerclub.fr\/index.php\/classements\/\" onclick=\"return true;\" rel=\"follow noopener\" target=\"_self\"><div class=\"uagb-button__link\">LES CLASSEMENTS<\/div><\/a><\/div><\/div>\n\n\n\n<div class=\"wp-block-uagb-buttons-child uagb-buttons__outer-wrap uagb-block-8cb7bdbc wp-block-button\"><div class=\"uagb-button__wrapper\"><a class=\"uagb-buttons-repeater wp-block-button__link\" href=\"https:\/\/luberonpokerclub.fr\/index.php\/contact\/\" onclick=\"return true;\" rel=\"follow noopener\" target=\"_self\"><div class=\"uagb-button__link\">NOUS CONTACTER<\/div><\/a><\/div><\/div>\n<\/div><\/div>\n<\/div>\n\n\n\n<div class=\"wp-block-uagb-container uagb-block-cdb291f5\">\n<figure class=\"wp-block-image size-full is-resized\"><img decoding=\"async\" src=\"http:\/\/luberonpokerclub.fr\/wp-content\/uploads\/2023\/09\/075e62cd-7469-4156-8964-93a26819fd46.jpg\" alt=\"\" style=\"width:530px;height:818px\"\/><\/figure>\n<\/div>\n<\/div><\/div>\n\n\n\n<div style=\"height:150px\" aria-hidden=\"true\" class=\"wp-block-spacer\"><\/div>\n\n\n\n<div class=\"wp-block-uagb-container uagb-block-a044e234 alignfull uagb-is-root-container\"><div class=\"uagb-container-inner-blocks-wrap\">\n<div class=\"wp-block-uagb-container uagb-block-2375c86b\">\n<div class=\"wp-block-media-text is-stacked-on-mobile\"><figure class=\"wp-block-media-text__media\"><video controls src=\"https:\/\/luberonpokerclub.fr\/wp-content\/uploads\/2024\/07\/2c3ffb97-6561-41ef-99d5-a89c4ee0adb6-1.mp4\"><\/video><\/figure><div class=\"wp-block-media-text__content\">\n<p>Petit message de Ga\u00eblle Baumann, Joueuse pro <\/p>\n\n\n\n<div style=\"height:150px\" aria-hidden=\"true\" class=\"wp-block-spacer\"><\/div>\n<\/div><\/div>\n<\/div>\n<\/div><\/div>\n","protected":false},"excerpt":{"rendered":"<p>Petit message de Ga\u00eblle Baumann, Joueuse pro<\/p>\n","protected":false},"author":1,"featured_media":0,"parent":0,"menu_order":0,"comment_status":"closed","ping_status":"closed","template":"","meta":{"_uag_custom_page_level_css":"","neve_meta_sidebar":"default","neve_meta_container":"","neve_meta_enable_content_width":"on","neve_meta_content_width":100,"neve_meta_title_alignment":"","neve_meta_author_avatar":"","neve_post_elements_order":"","neve_meta_disable_header":"off","neve_meta_disable_footer":"off","neve_meta_disable_title":"on","footnotes":""},"class_list":["post-39","page","type-page","status-publish","hentry"],"uagb_featured_image_src":{"full":false,"thumbnail":false,"medium":false,"medium_large":false,"large":false,"1536x1536":false,"2048x2048":false,"neve-blog":false},"uagb_author_info":{"display_name":"admin7875","author_link":"https:\/\/luberonpokerclub.fr\/index.php\/author\/admin7875\/"},"uagb_comment_info":0,"uagb_excerpt":"Petit message de Ga\u00eblle Baumann, Joueuse pro","_links":{"self":[{"href":"https:\/\/luberonpokerclub.fr\/index.php\/wp-json\/wp\/v2\/pages\/39","targetHints":{"allow":["GET"]}}],"collection":[{"href":"https:\/\/luberonpokerclub.fr\/index.php\/wp-json\/wp\/v2\/pages"}],"about":[{"href":"https:\/\/luberonpokerclub.fr\/index.php\/wp-json\/wp\/v2\/types\/page"}],"author":[{"embeddable":true,"href":"https:\/\/luberonpokerclub.fr\/index.php\/wp-json\/wp\/v2\/users\/1"}],"replies":[{"embeddable":true,"href":"https:\/\/luberonpokerclub.fr\/index.php\/wp-json\/wp\/v2\/comments?post=39"}],"version-history":[{"count":23,"href":"https:\/\/luberonpokerclub.fr\/index.php\/wp-json\/wp\/v2\/pages\/39\/revisions"}],"predecessor-version":[{"id":295,"href":"https:\/\/luberonpokerclub.fr\/index.php\/wp-json\/wp\/v2\/pages\/39\/revisions\/295"}],"wp:attachment":[{"href":"https:\/\/luberonpokerclub.fr\/index.php\/wp-json\/wp\/v2\/media?parent=39"}],"curies":[{"name":"wp","href":"https:\/\/api.w.org\/{rel}","templated":true}]}}